1282
Calculate the highest common factor of 113592094 and 2156.
1078
Calculate the highest common factor of 636 and 689901.
159
Calculate the highest common factor of 10 and 628025.
5
Calculate the highest common factor of 2509 and 29510.
13
What is the greatest common factor of 3705 and 10589270?
95
Calculate the greatest common factor of 6 and 5692820.
2
What is the highest common factor of 17301408 and 787?
787
What is the greatest common factor of 74750234 and 3368?
842
What is the greatest common divisor of 1 and 945624?
1
Calculate the highest common factor of 31820343 and 2715.
543
What is the highest common divisor of 61289 and 1310557?
367
Calculate the highest common divisor of 4448 and 8633012.
556
What is the highest common divisor of 1050 and 1422050?
350
What is the greatest common divisor of 741441 and 8181?
303
Calculate the greatest common factor of 747 and 4274163.
9
Calculate the highest common divisor of 2129 and 77983141.
2129
What is the highest common factor of 186192 and 54486?
54
Calculate the highest common divisor of 953094 and 21.
3
Calculate the greatest common factor of 4684 and 298907118.
2342
What is the greatest common factor of 7261820 and 45076?
764
What is the highest common factor of 1209 and 26627250?
39
What is the highest common divisor of 256891 and 2072777?
1961
What is the greatest common factor of 414 and 1887762582?
414
What is the highest common divisor of 658 and 18410?
14
What is the highest common factor of 908266 and 20000515?
6221
Calculate the highest common factor of 16124566 and 1086.
362
What is the greatest common factor of 3255 and 3163104?
21
What is the greatest common factor of 18583890 and 195?
195
Calculate the highest common divisor of 108252 and 384338.
62
Calculate the greatest common factor of 14586 and 13923.
663
What is the highest common factor of 286011201 and 2877?
2877
What is the highest common factor of 74038292 and 5332?
124
What is the greatest common factor of 53714 and 8186249?
107
Calculate the greatest common factor of 49349 and 281149.
61
What is the highest common factor of 11089796 and 996?
332
What is the highest common divisor of 2698 and 227758415?
1349
What is the highest common factor of 1365 and 65295750?
195
Calculate the greatest common divisor of 300 and 32441112.
12
What is the greatest common divisor of 109218 and 234786?
654
What is the highest common divisor of 8 and 41273144?
8
Calculate the greatest common divisor of 27126 and 17675603.
1507
Calculate the highest common factor of 1267849 and 5830.
11
Calculate the highest common factor of 3 and 4057800.
3
What is the highest common divisor of 23769 and 8835?
57
Calculate the highest common factor of 200 and 281579950.
50
Calculate the highest common factor of 9737559 and 78.
39
Calculate the highest common divisor of 1464 and 41208184.
488
What is the highest common divisor of 524372160 and 702?
78
What is the highest common factor of 987189 and 342867?
609
What is the greatest common factor of 9183224 and 24?
8
Calculate the greatest common divisor of 2656467 and 108.
9
What is the greatest common factor of 15087 and 11720031?
321
Calculate the highest common divisor of 4230 and 42249945.
705
Calculate the greatest common factor of 15041824 and 3328.
32
What is the highest common divisor of 260 and 425980?
20
What is the highest common factor of 48 and 621383232?
48
What is the greatest common divisor of 220708 and 5198?
46
What is the greatest common factor of 2384 and 5540118?
298
What is the highest common divisor of 24686676 and 11508?
84
What is the highest common factor of 1240 and 42324610?
310
What is the greatest common divisor of 191 and 2052687505?
191
Calculate the highest common divisor of 676 and 28289924.
676
Calculate the greatest common divisor of 723 and 139613469.
723
What is the greatest common divisor of 1432430 and 70?
10
What is the highest common factor of 542146 and 2794?
22
Calculate the greatest common divisor of 30498 and 1353251.
391
What is the highest common factor of 246 and 407235657?
123
What is the highest common divisor of 9421489 and 847?
77
What is the greatest common divisor of 9185048 and 208?
8
What is the greatest common factor of 799 and 80087?
17
What is the greatest common divisor of 201239 and 8357?
61
Calculate the greatest common factor of 6004 and 2827124.
76
What is the greatest common divisor of 2480 and 324687180?
620
What is the greatest common divisor of 150 and 9450100?
50
What is the greatest common factor of 856 and 9741708?
428
What is the greatest common divisor of 6118 and 1412650?
38
What is the highest common factor of 16353 and 3332493?
207
What is the greatest common factor of 9 and 4050511551?
9
Calculate the greatest common divisor of 2924763 and 517.
47
What is the greatest common factor of 1538357 and 1568390?
3337
What is the highest common divisor of 92431542 and 1596?
798
Calculate the highest common divisor of 2906 and 7754661.
1453
What is the highest common factor of 1368432 and 63206?
442
Calculate the highest common divisor of 22760159 and 21355.
4271
Calculate the greatest common factor of 35132 and 4.
4
Calculate the greatest common factor of 28684 and 3403456.
284
What is the highest common factor of 2376 and 1156824?
72
Calculate the highest common divisor of 286778 and 533690.
1286
What is the greatest common factor of 533 and 1336326407?
533
Calculate the highest common divisor of 72627642 and 27.
9
What is the highest common factor of 2820 and 7630450?
470
Calculate the greatest common factor of 9280 and 974051072.
1856
What is the greatest common divisor of 12357901 and 746877?
5297
Calculate the highest common divisor of 195 and 149841237.
39
What is the greatest common factor of 14 and 903906136?
14
What is the greatest common factor of 392597118 and 810?
162
Calculate the greatest common divisor of 6076 and 8804.
124
Calculate the highest common factor of 473 and 978142.
11
Calculate the highest common divisor of 7303912 and 1512.
56
What is the highest common divisor of 97 and 240687?
1
Calculate the greatest common factor of 180998735 and 30.
5
What is the highest common divisor of 8792262 and 6?
6
What is the greatest common factor of 1030676 and 166068?
2636
Calculate the highest common divisor of 3660 and 262120.
20
What is the highest common divisor of 126 and 610407?
63
What is the greatest common divisor of 13644315 and 477915?
3165
Calculate the highest common factor of 107818 and 48180734.
3478
Calculate the greatest common divisor of 24081211 and 44.
11
Calculate the greatest common factor of 2532 and 56444188.
844
Calculate the greatest common divisor of 49457 and 7296.
19
Calculate the highest common factor of 8970 and 241365.
15
Calculate the highest common factor of 7370 and 20320.
10
Calculate the greatest common factor of 5020965 and 360.
45
Calculate the greatest common factor of 989912 and 2728.
88
Calculate the highest common factor of 122 and 84811960.
122
What is the highest common factor of 35 and 5176696?
7
What is the highest common factor of 4140 and 238591512?
828
Calculate the greatest common factor of 82807 and 15796653.
4871
What is the greatest common divisor of 102 and 2574548?
34
Calculate the greatest common divisor of 3282876 and 95764.
1076
Calculate the highest common divisor of 641150 and 2900.
50
What is the highest common factor of 82894 and 151081?
1337
Calculate the highest common factor of 27920 and 130760.
40
Calculate the highest common divisor of 177 and 154716.
3
Calculate the greatest common factor of 8012 and 234515246.
4006
Calculate the greatest common divisor of 327278316 and 1104.
276
Calculate the greatest common factor of 978396 and 4764.
12
Calculate the greatest common divisor of 90 and 959120220.
30
What is the greatest common factor of 193 and 88817?
1
Calculate the greatest common factor of 41315502 and 6.
6
What is the highest common divisor of 1693014 and 90?
6
Calculate the greatest common divisor of 661715371 and 6473.
6473
Calculate the highest common factor of 121 and 21141604.
121
What is the greatest common divisor of 241697 and 846399?
919
What is the greatest common divisor of 1083 and 37052394?
57
Calculate the highest common divisor of